 digit of (1/(-1))/(4/t)?
5
Suppose -3*d - 4*v = -2*d + 401, 377 = -d + 2*v. Let g = d + 931. What is the hundreds digit of g?
5
Let m = -5972 + 2653. Let d = 5060 + m. Suppose d - 349 = 6*o. What is the hundreds digit of o?
2
What is the hundreds digit of 64290/15 + -4 + 6/2?
2
What is the units digit of 1/(40/2926216) - (-20)/(-50)?
5
Suppose -5*n - 20 = -5*d, 5*d + 2*n = 4*n + 26. Suppose -h + 1228 = 3*c, 4*c + 2*h - 1664 = d*h. What is the units digit of c?
1
Suppose 3*m = -0*m + 3*z + 21, 5*z + 7 = -2*m. Suppose 1445 = 3*b + 4*w + 459, 0 = m*b + 3*w - 1310. What is the units digit of b?
6
Let x be (8/6)/(-3*(-3)/27). Suppose -5*m - 15 = 0, -10 = x*z - m - 1. Let p(q) = -3*q**3 + q**2 - 4*q - 5. What is the tens digit of p(z)?
9
Let g(o) = 4*o - 2. Let c be g(-5). Let q be 23/1*4/(-8)*-2. Let w = q + c. What is the units digit of w?
1
Let h(q) = -248*q - 17. Let c be h(-5). Suppose 0 = b - c + 25. What is the tens digit of b?
9
Let i be (0 - (1 - 0))*-179. Suppose -2*c + 6*c + 3*f = 688, -c = -f - i. Let k = 255 - c. What is the tens digit of k?
8
Let g(w) = -4*w**2 + 0*w - 2*w + 2*w**2 + 29*w**3 + 5 + 3*w - w**2. What is the units digit of g(2)?
7
Suppose 5*k - 2*v = 31855, -31870 = -k - 4*k + 5*v. What is the hundreds digit of k?
3
Let f = 22388 - 1496. What is the tens digit of f?
9
Let o(b) = b**2 - b + 28. Let k be o(0). Let y be (-6)/(-14) - -2*(-6)/k. What is the units digit of 5/((-30)/(-32))*(y - -6)?
2
Suppose 0 = -16*o - 10 + 74. Suppose m + 3153 = -2*p + o*p, -3*p + 4743 = 3*m. What is the units digit of p?
8
Suppose -108 = -i + 5*p, -22*i = -19*i + 5*p - 244. Suppose 0 = s + 4, -85*g - 4*s = -i*g + 2866. What is the tens digit of g?
5
Let k(v) = 2*v**2 - 31*v + 5. Let n be k(15). What is the hundreds digit of 7556/10 - (-6)/n?
7
Let b(n) = n + 33. Let c = 67 + -23. Suppose 2*k = -4*d - 4 + c, -2*d + k = -20. What is the units digit of b(d)?
3
Let w = -18216 - -27546. What is the hundreds digit of w?
3
Suppose 75481 = 5*t - 4*m, -5*m - 15071 = -308*t + 307*t. What is the tens digit of t?
0
Suppose 10*z + 4*z - 406 = 0. Suppose 0 = -z*j + 1141 + 16259. What is the hundreds digit of j?
6
Let z(k) = -7 - 14*k**2 + 35*k**2 - 1 + 0 + 4*k. What is the units digit of z(3)?
3
Suppose 0 = -3*c + 4354 + 9032. What is the thousands digit of c?
4
Let d = -7 - -3. Let i(m) = 10*m**3 + 8*m**2 - m + 5. Let f(j) = j**3 + j**2 + 1. Let t(b) = 9*f(b) - i(b). What is the units digit of t(d)?
0
Let j = 5262 - 1384. What is the thousands digit of j?
3
Suppose 2*r = -66 + 74. Suppose 0*d = 5*d - 210. Suppose -r*b - 2*o + d = 0, -4*b + b - 2*o + 29 = 0. What is the tens digit of b?
1
Suppose -61*q + 811364 + 978620 = 0. What is the tens digit of q?
4
Let a(o) = o**2 + o. Let p(u) = -2*u**2 + 1. Let d(y) = 6*a(y) + 2*p(y). Let r be d(-3). Suppose 0 = 5*k, -4*t + r*k + 8 = -0*t. What is the units digit of t?
2
Let r = 4159 - -12607. What is the thousands digit of r?
6
Let j be ((-1)/2)/(5/(-310)). Let m = 41 - j. Suppose d + m = 32. What is the tens digit of d?
2
Suppose -67*u + 64*u + 166077 = 3*k, -2*k - 5*u + 110742 = 0. What is the thousands digit of k?
5
Let j(b) = -b**3 + 21*b**2 + 20*b - 73. What is the thousands digit of j(-11)?
3
Let p(b) = b**3 + 56*b**2 - 6*b - 913. What is the tens digit of p(-53)?
3
Suppose -31*g + 166171 + 684028 = -437634. What is the hundreds digit of g?
5
Suppose 5*z - 79 - 91 = 0. Suppose z = -4*b + 5*b + 4*g, -b + 3*g = -62. What is the tens digit of b?
5
Let j be 8/(-3 - (-6625)/2205). Suppose 3*x - 1303 = q, 4*x + 6*q = 2*q + j. What is the hundreds digit of x?
4
Suppose -2*s = -7*s - 17*s + 187990. What is the thousands digit of s?
8
Let j be -33*9/(-108) + (-1)/(-4). Suppose -m + 876 = 3*a, 3*a - 867 = -j*m - m. What is the hundreds digit of a?
2
Let i(f) = 474*f**2 - 61*f - 229. What is the hundreds digit of i(-4)?
5
Let z = -77 + 77. Suppose -5*m - 3*s + 3570 = z, 3*m - s - 2795 + 653 = 0. What is the hundreds digit of m?
7
Let m(o) = 224*o + 2. Let a(b) = 4*b + 1. Let w(v) = -2*a(v) + m(v). Suppose -4*k + 1 = -3. What is the units digit of w(k)?
6
Suppose -2*g + 37*n + 6613 = 36*n, -3*n - 16532 = -5*g. What is the units digit of g?
7
Suppose 33147 = 4*p - 20445. What is the thousands digit of p?
3
Suppose -2*q + 2 = 12. Let v = 1 + q. What is the tens digit of (1 - (v - -4))*46?
4
Let r(o) = -168*o + 44. Let g(y) = 56*y - 15. Let s(p) = -8*g(p) - 3*r(p). Let u be s(2). Suppose 3*a - u - 89 = 0. What is the units digit of a?
3
Let a(w) = -3*w**2 + 2*w**2 + 21*w - 16 - 6*w. What is the units digit of a(9)?
8
What is the units digit of (3*7/((-63)/204))/(32/(-2304))?
6
Let o(c) = -8*c + 106. Let m be o(15). Let i(f) = -33*f + 158. What is the units digit of i(m)?
0
Suppose -19*x + 21*x = 504. Suppose 0 = -5*b - x + 892. What is the units digit of b?
8
Let d be ((-18)/(-10))/(1 - 14/20). Suppose -3*i + 3*p = p - 10, 2*i = -5*p - d. What is the units digit of (-1 - -3)/i + -7 + 105?
9
Let b(k) = -745*k**3 - k**2 - 8*k - 7. Let l be (6/(-9))/(95/(-15) + 7). What is the units digit of b(l)?
5
Suppose -511*o + 52488076 = 190*o. What is the hundreds digit of o?
8
Suppose 4*g = 14*g - 15*g + 237440. What is the ten thousands digit of g?
4
Let j(f) = f**2 + 2. Let v(x) = 18*x**2 - 14*x - 19. Let y(c) = -5*j(c) + v(c). What is the units digit of y(8)?
1
Let x = 7277 + 5093. What is the tens digit of x?
7
Suppose -11*o - 18 = 48. What is the tens digit of (21/14 + (-3)/o)*197?
9
Suppose -14 = -3*v - 4*f, -5*v - 3*f + 20 = 2*f. Suppose -3*s = 5*w - 9, -2*w + 2 = v*w + 5*s. Suppose w*q - 26 - 88 = 0. What is the tens digit of q?
3
Let s(n) = -n**2 - 9*n + 12. Let q be s(-10). Suppose -15 = 5*a, q*m - 238 = 5*a - a. What is the hundreds digit of m?
1
Suppose -22*f + 15 = -21*f. Let x(y) = y**3 - 13*y**2 - 16*y - 9. Let k be x(f). Suppose -z - 51 = -k. What is the hundreds digit of z?
1
Let p be 52/6*90*15/90. Suppose -4*l = -u + 160, -l - 285 = u - 3*u. Let x = u - p. What is the units digit of x?
0
Let a be (-4 - -6) + (1 - -5). Let o(h) = h**2 - h - 10. Let i be o(a). Let f = i - 45. What is the units digit of f?
1
Let w = 75334 + -53017. What is the hundreds digit of w?
3
Let j(b) = 72*b**2 + 20*b - 8. Let d(u) = 24*u**2 + 7*u - 3. Let a(x) = 16*d(x) - 5*j(x). What is the units digit of a(4)?
4
Suppose 2*h - 142 = -4*y, -3*h + 15 = 2*h. Let d = 9368 - 5794. What is the units digit of d/y + (-8)/68?
5
Let v = 649 + -915. Let w = 305 + v. What is the units digit of w?
9
Let c be (678/9)/(2/(-3)). Suppose -h - 202 + 9 = 0. Let z = c - h. What is the units digit of z?
0
Suppose -d - 4*v = 0, 2 = 5*d - 4*v - 22. Suppose -926 = -u - u - 4*n, u = d*n + 433. What is the units digit of u?
3
Let v(j) = j**2 - j - 2. Let m be v(-2). Suppose m*a - 84 = -4*h + 3*h, -3*a = -5*h - 86. Suppose 4*b + a = 70. What is the tens digit of b?
1
Suppose 5*q - m - 20 = 0, 8 = -q + 4*m - 7. Suppose -q*c + 292 = -j, -4*j = -5*j - c - 316. Let x = -84 - j. What is the hundreds digit of x?
2
What is the tens digit of 25605*(1/(-3))/((-9)/(18/2))?
3
Let a be -1*((-14)/(-21))/(6/(-45)). Suppose 693 = 16*c + a*c. What is the tens digit of c?
3
Let u(r) = 31*r - 34 - 5*r - 9*r + r + 33*r. What is the hundreds digit of u(21)?
0
Suppose -5*x = 2*x - 2401. Suppose 0*u - 7*u = -x. Suppose 0 = u*v - 52*v + 228. What is the tens digit of v?
7
Let q(b) = 9782*b**3 + 4*b**2 + 2*b - 6. What is the tens digit of q(1)?
8
Suppose 67*u - 100*u + 115368 = 0. What is the hundreds digit of u?
4
Suppose 9 = 5*l - 36. Let w = -6 + l. Suppose -w*d = -3*k - 9, -4*k - d + 0 + 8 = 0. What is the units digit of k?
1
Let h(n) = -10*n - 12*n + 27*n + 36. Let v be h(-7). What is the hundreds digit of ((-4)/6)/(-4*v/714)?
1
Let z = -7 + 49. Let h = -19 - z. Let i = 155 + h. What is the units digit of i?
4
Let j(t) = 4*t**2 - 17. Let v be j(5). Let b = 89 - v. What is the tens digit of (-4)/b + (-16092)/(-81)?
9
What is the thousands digit of (-12498)/(-2) - (-44 - -42)?
6
What is the tens digit of -72 + 74 + 5934 + 0?
3
Suppose -4*u + 12 = 2*x, 2*x + 7*u - 27 = 6*u. Let g(j) = j**3 - 11*j**2 - 17*j + 98. What is the tens digit of g(x)?
0
Let k be ((-24)/21)/((-8)/28). Suppose -4*h - 16 = 0, -h = -k*r + 603 + 453. What is the hundreds digit of r?
2
Suppose 31*b - 178056 + 33149